(-6 - -6). Let v(w) = -w**3 + 4*w + 3. What is v(f)?
3
Let n = 30 - 30. Let y(z) = 3. Let v(s) = s**2 - s + 22. Let r(i) = v(i) - 4*y(i). Determine r(n).
10
Let c(j) = j + 7. Let o(d) = -d - 7. Let h = -25 + 23. Let m(w) = h*c(w) - 3*o(w). Let i = -11 - -7. Calculate m(i).
3
Let x be 7/2 + (-1 - (-4)/8). Let u(c) = -3*c + 0 + 8*c + 5*c**2 + 7 - 4*c**x + 5*c**3. Give u(-5).
-18
Let k(z) = -4*z + 23. Let f be k(5). Let x(b) = -29*b - b**2 + 36*b - b**f + 5*b**2. Determine x(5).
10
Let y(q) be the third derivative of q**5/30 + q**4/24 + q**3/6 + 3*q**2 - 9*q. Determine y(-2).
7
Let f(m) = 3*m - 4. Let x be 36/44 + -1 + 16/88. Determine f(x).
-4
Let i = -46 - -55. Suppose 4*z - a + i = 0, -z - 9 = -3*a + 7. Let v(w) = -23*w - 1. Give v(z).
22
Let q be 4/6 - 4/(-12). Let b(l) = l - q - 3 + 1 - 3. Suppose -c = 3*v - 5, 3*c - 15 = 2*v + 3*v. Give b(c).
-1
Let g(o) be the second derivative of -11*o - 1/3*o**3 - 1/12*o**4 + 3/2*o**2 + 0. Calculate g(-3).
0
Suppose -5*b = 3*m + 17, 2*b = -2*m - 8 - 2. Let h(z) be the second derivative of z**4/12 + 2*z**3/3 + 2*z**2 + 514*z + 1. What is h(m)?
4
Let d be (-1 + (-63)/(-12))/(1/(-4)). Let m(t) = -3*t**2 + 14*t + 8. Let b(k) = k + 4*k + 3*k**2 + 3 - 4*k**2. Let c(f) = d*b(f) + 6*m(f). Calculate c(0).
-3
Let b(l) = -4*l**3 - l**2 + l - 1. Let p be (17 - 7)*1/2. Suppose -g = 4 - p. Give b(g).
-5
Let s be (-316)/(-28) - 8/28. Let l(j) = j - s*j**3 + 6 + 10*j**3 - 3*j + 4*j**2. Determine l(4).
-2
Let f(t) = 22*t**3 + 4*t**2 - 6*t - 5. Let m(q) = q**3 + q**2 - q - 1. Let a(j) = -f(j) + 6*m(j). Let r be (-315)/(-20) + 3/(-4). Let o = r - 16. Give a(o).
17
Suppose -5*c = d - 40, 3*c = -2*d - 3*d + 46. Suppose z = 18*a - 15*a + 8, -z + 2*a = -8. Let y(s) = s - z + c - 2 + s**2. Determine y(3).
9
Let g(t) = -t**3 - 7*t**2 + 5. Let r(k) = -8*k**2 + 1. Let p be r(-1). Let o be g(p). Let s = 0 - o. Let w(n) = -n**2 - 7*n - 7. What is w(s)?
3
Let m = -4 + 4. Let p(k) = k + 2. Let x(t) = -1. Let l(z) = -p(z) - 3*x(z). Calculate l(m).
1
Let w(y) = 6*y + 3. Let d(t) = -5*t - 2. Let u(o) = -4*d(o) - 3*w(o). Suppose -x + 4 + 0 = 0. Give u(x).
7
Let p(w) be the second derivative of -1/2*w**3 - 2*w**2 + 1/12*w**4 - 15*w + 0. What is p(5)?
6
Let w be 9 - (8 - 7) - 14. Let p(s) = -2*s**2 - 7*s - 1. Determine p(w).
-31
Let j(g) be the third derivative of -g**6/120 + 7*g**5/60 - 5*g**4/24 - g**3/2 - 43*g**2 - 2. Determine j(6).
3
Let w(p) = -3*p - 2. Suppose 12 = 5*v + v. Determine w(v).
-8
Let s be (-1326)/272 + (-1)/8. Let a(q) = -9*q**3 + 5 - 4*q**2 + 7*q + 8*q**3 + 2. What is a(s)?
-3
Let b(u) = -2*u**3 - 2*u**2 - u + 2. Let x(k) = -3*k - 44. Let f(h) = -3*h + 7. Let w be f(7). Let d be x(w). Calculate b(d).
12
Let r(m) = -13*m**2 + 4*m - 1. Let x(d) = -28*d**2 + 9*d - 3. Let n(c) = 7*r(c) - 3*x(c). Give n(-1).
-6
Let t(x) be the first derivative of -x**2/2 - 13*x + 67. Determine t(-5).
-8
Let z(a) = a**3 + a**2 - a. Let s(b) = 5*b**3 - 3*b**2 - 2*b - 1. Let j(r) = s(r) - 4*z(r). Give j(7).
13
Let k(f) be the third derivative of f**6/120 + 2*f**5/15 + 3*f**4/8 + 7*f**3/3 + 20*f**2 - f. What is k(-7)?
0
Let k(r) = -2*r**2 - 40*r + 5. Let n(w) = -w**2 - 21*w + 2. Let c(i) = 6*k(i) - 11*n(i). Calculate c(-10).
-2
Let b(a) = 2*a**2 - 3*a. Let j be b(2). Suppose 6*h + 4 = j*h. Let s(u) = 12*u + 1. Calculate s(h).
-11
Let o be 1 + 16/10 + (-6)/(-15). Let i(c) = o*c + 27 - 25 - 2*c. What is i(6)?
8
Suppose -3*o + 21 = -5*o - 5*n, 4*n + 30 = 5*o. Suppose 3*z - o*l = l - 9, 5*z - 4*l = -12. Let f(s) = -10*s + 11*s + 4 + z - 1. Calculate f(0).
3
Let s(m) = -2. Let f(p) = -2*p**3 - p**2 - 1. Let w(r) = -2*f(r) + s(r). Calculate w(-2).
-24
Let r(c) = 2 + 4 - 8 + c. Let v(a) be the second derivative of -a**3/6 + a**2 - 4*a. Let g(i) = -5*r(i) - 4*v(i). Give g(4).
-2
Let c(g) = 5*g + 4. Suppose -4*o + 21 = 29. What is c(o)?
-6
Let d = -8 + 7. Let i(h) be the first derivative of -h**4 + h**3/3 + h**2 + h + 25. Let v be i(d). Let g(r) = r**2 - 6*r + 5. Determine g(v).
-3
Let k(g) = g**2 - 9*g - 10. Let v be k(10). Suppose 6*a = 3*a - 2*w - 8, v = -a + w - 1. Let y be (-3 - a) + 1 + 0. Let u(z) = -z. Give u(y).
0
Let f(q) = q**3 + 8*q**2 - q - 13. Let v(n) = n**3 + 7*n**2 - 15*n - 64. Let j be v(-8). What is f(j)?
-5
Let y(w) = w**2 - 7*w + 4. Let v be 60/(-5)*((-10)/4)/5. Suppose 8 = v*t - 2*t + 5*x, -43 = -5*t + 2*x. What is y(t)?
4
Let a(m) = -4*m - 14. Let y(l) = 2*l + 18. Let o(p) = 2*a(p) + 3*y(p). Determine o(16).
-6
Let q(o) be the third derivative of o**4/24 + o**3/6 - 2*o**2. Let x be 12/(-8)*(1 - (6 - 1)). Calculate q(x).
7
Let u(l) = l**3 - 8*l**2 + 4*l - 4. Let q = 251 + -244. Calculate u(q).
-25
Suppose 161*h - 4*j = 156*h - 23, 3*h = 5*j - 19. Let c(t) = t**3 + 2*t**2 + 3*t + 4. What is c(h)?
-14
Let t(m) = -2*m**2 + 28*m - 10. Let x(w) = w - 1. Let n(p) = t(p) + 5*x(p). Determine n(16).
1
Suppose -4*m = m + 20. Let t(y) be the first derivative of y**4/4 + 4*y**3/3 + y**2 - 2*y + 1265. Determine t(m).
-10
Let j(h) = -3*h - 55. Let n(k) = 13. Let v(b) = -j(b) - 3*n(b). Determine v(-8).
-8
Let z be (55/66)/(((-10)/(-6))/1). Let m(v) be the first derivative of -5/3*v**3 + 4*v - 1/4*v**4 + 4 - z*v**2. Determine m(-3).
-11
Let q(d) = d**3 + 7*d**2 + 9*d + 9. Let j be (-5)/(-15) + 5/3. Suppose -4*x = -j*x + 6. Let f be x*(1 + 0) + -3. Calculate q(f).
-9
Let b be -3*(-182)/637*(-7)/2. Let s(l) be the first derivative of -l**2/2 - 5*l + 1. Determine s(b).
-2
Suppose 0 = u + 2, 2*s + 15 = -u + 7. Let x(g) = -3 + 5 - 2*g**2 + 2 - 3*g. Give x(s).
-5
Let v(n) = n**3 - 6*n**2 + 2*n - 9. Let h be v(6). Let b be (h/(-6))/((-3)/18). Let r(c) = -6 + 1 - 1 + c + b. Determine r(4).
1
Suppose 24 = h + 3*h - 4*u, -4*h - 3*u = -3. Suppose -3*x - 35 = -8*x. Let b(s) = -1 + 4*s + 0 - x*s. Determine b(h).
-10
Let h(z) = 41 - 121 - 13*z + 41 + 39. Give h(-2).
26
Let a(l) = -14*l + 1. Let f be a(-1). Let i(k) = -6 - 14 + 6 + f*k - 16*k. Suppose 2*v + 3*s + 11 = -0*v, 2*v - s + 15 = 0. Give i(v).
-7
Suppose -b = -f - 7, 15 = 5*b + f + 4*f. Let y(v) = 1 - 6 - 1 + v + 0. What is y(b)?
-1
Let r(q) = -2*q**2 - 5*q**2 + 8*q**2 - 6 + 7 + 6*q. Suppose -6 = 3*g + 2*p, 0 = -5*g + 2*p - 26. What is r(g)?
-7
Let z = 21 - 27. Let n(c) = 2*c**2 + 7*c - 2. Determine n(z).
28
Let n(u) = 1. Let w(x) be the first derivative of -x**2 - 7*x + 3. Let g(d) = -4*n(d) - w(d). Let c(j) = -4*j + 45. Let m be c(12). What is g(m)?
-3
Let f = 88 + -91. Let a(d) = -d**3 - 3*d**2 + 4*d + 2. Let v be a(-4). Let q(u) = -u - 5 + 4 - 2*u**v + u**2. What is q(f)?
-7
Let u be 798/70 - 2/5. Let i(s) = s**3 - 12*s**2 + 14*s + 15. Calculate i(u).
48
Let i(a) = -a**2 + 32*a - 78. Let q be i(3). Let b(s) = 2*s**2 - 21*s - 5. What is b(q)?
-32
Let z(m) = -3*m - 8. Let r(d) = 7*d - 123. Let o be r(17). What is z(o)?
4
Let s(o) = 5 + 1 + 2 - o**2 - 8*o. Let x(h) = -6*h + 106. Let f be x(19). What is s(f)?
8
Let w(u) = 0 - 3 - 350*u**2 - 3*u + 351*u**2. Calculate w(6).
15
Let p(i) = -i**2 - i. Let w(s) = -2*s**2 - 8*s. Suppose 3*g + 4*f = 4, 5*g - g - 3*f + 3 = 0. Suppose 0 = -g*c + c + 3. Let x(v) = c*p(v) + w(v). What is x(6)?
6
Suppose -6*o + 4*o = -8. Let v(z) be the first derivative of -5/3*z**3 + 1/4*z**4 + z**2 - 18 + 2*z. Give v(o).
-6
Let m = 107 - 96. Let w = m + -7. Let v(g) be the first derivative of -g**4/4 + g**3 + 5*g**2/2 - 4*g + 1. What is v(w)?
0
Let t = -4 - 8. Let v be t*(3 + 39/(-12)). Suppose 10 = 2*c + v*c. Let y(q) = -q**3 + q**2 - 3*q + 3. Determine y(c).
-7
Suppose -4*u = -5*i + 61, 4*u + 2 = -2*i + 4. Suppose 3*s - 15 = q, -i = -3*s - 0*s - q. Let j(v) = -3*v + v**3 + 3*v - s*v - 5*v - 6*v**2 + 10. Determine j(7).
-4
Let a(y) = 2*y + 17. Let u be a(-7). Let t(r) = u*r**2 - 6 - r**2 + 4*r + 3 - 2*r. Determine t(-3).
9
Let v(n) = -5*n**3 - 6*n**2 + n + 5. Let w be v(1). Let t(f) = -f**3 - 6*f**2 + 3*f - 7. Let q(l) = -l**2 + l. Let y(o) = -2*q(o) + t(o). Calculate y(w).
13
Let v(u) = u**2 - u - 10. Suppose -54*i - 204 = 14*i. What is v(i)?
2
Let f(x) = x**2 + 5*x + 2. Let m(h) = -10 + 2*h - 13*h + h. Let r be m(-3). Suppose -4*n + p - r = 0, -6*n + 3*n + 5*p = 32. What is f(n)?
-2
Suppose -26 = -3*d + 2*d - 2*h, 0 = -4*h + 16. Let i = d + -16. Let q(x) = 4*x**2 - 3*x**i - 3*x - x + 2. Determine q(5).
7
Let u(a) be the third derivative of -a**5/60 - a**4/6 - 20*a**2. Let y